/20 + 2*s**4/3 + s**3/3 - 2*s. Let i = 20 + -12. What are the prime factors of z(i)?
2
Suppose -4*w + 2*x = 5*x - 33, -5*x = 5. List the prime factors of w.
3
Let u(o) = 6*o - 62 + 62. What are the prime factors of u(10)?
2, 3, 5
Let n = -177 + 729. What are the prime factors of n?
2, 3, 23
Let v = 0 + -40. List the prime factors of 8/(v/(-1005)) - -4.
5, 41
Let s be (9 - 12)/(3/(-46)). Let z(u) = s*u - 23*u - 18*u - 11. List the prime factors of z(8).
29
Suppose -4*y = -3*y - 5. Suppose 0*h - 4*i - 40 = -y*h, -10 = -5*h - 2*i. Suppose -5*t = -2*a + 35, 0*a + h*t = -3*a + 41. What are the prime factors of a?
3, 5
Suppose -p = -869 - 264. What are the prime factors of p?
11, 103
Suppose 5*j - 844 - 646 = 0. Let q = j + -176. List the prime factors of q.
2, 61
Let w(n) = n**2 + 5*n + 5. Let h(j) = -2*j**2 - 11*j - 11. Let r(c) = 6*h(c) + 13*w(c). Let x be r(0). List the prime factors of (-11)/(x + 12/16).
2, 11
Suppose -d = -2*q - 2*d + 1649, 12 = -4*d. Suppose 7*w = -0*w + q. What are the prime factors of w?
2, 59
Let c(p) = -3*p - 14. Let n be c(-10). Let w be (21/(-14))/((-6)/n). Suppose -5*g + 5*x + 35 = -0*g, -w*g + 73 = 5*x. List the prime factors of g.
2, 3
Suppose -2*v + 4 = 0, -5*i - 2*v = -0 - 54. Suppose i = 5*s - 0*s. Suppose -s*b + q + 3 = -50, -19 = -b - q. List the prime factors of b.
2, 3
Let l be 11 - 1 - (6/3)/(-2). Let g(o) = -o**3 + 11*o**2 + 9*o - 12. What are the prime factors of g(l)?
3, 29
What are the prime factors of -295*(1/4)/(14/(-56))?
5, 59
Let w(f) be the first derivative of f**4/12 - 2*f**3 - 5*f**2 - f + 8. Let q(s) be the first derivative of w(s). What are the prime factors of q(14)?
2, 3
Suppose 3*s = a - 245, -4*s - 207 = -2*a + 119. List the prime factors of 0/(-1) - (s - 1).
83
Suppose y - 95 + 0 = 0. Let w be 2/(4/10 + 0). Suppose -w*s = -10*s + y. What are the prime factors of s?
19
Let j(l) = l**2 + 11*l - 10. Let s be j(-11). Suppose 0 = -4*x - 2*t + 10 + 12, -3*x - 4*t = -24. Let v = x - s. List the prime factors of v.
2, 7
Let p(m) = m + 9. Let j be p(-5). Let w be 11/(-22) - (-410)/j. Let k = w + -58. List the prime factors of k.
2, 11
Suppose 320 = 5*k + f - 6*f, f = -3*k + 196. Suppose -5*y - 15 = -k. Suppose 0 = 5*c - y, -c = 4*s - 0*c - 170. What are the prime factors of s?
2, 3, 7
Let v(m) = -m**3 - 9*m**2 - 5*m + 6. List the prime factors of v(-10).
2, 3, 13
Let u be 60/25 + 3/5. Suppose 3*m - u = -3*q - 2*q, -5*q - 5*m + 5 = 0. Suppose 5*v = -q*v + 70. What are the prime factors of v?
2, 7
Suppose -v = 4*q - 21, -10 = 3*v - 1. Let w(g) = q*g - 6*g + 2 + 12*g. List the prime factors of w(2).
2, 13
Let g(q) = 32*q**2 + 6*q - 13. Suppose 6*a + a = 14. List the prime factors of g(a).
127
Let o(q) = q**3 - 7*q**2 - 9*q + 11. Let f be o(8). Suppose 8*x - 3*x = -3*t + 468, t - 284 = -f*x. List the prime factors of x.
2, 3
Suppose -5*i + c + 569 = 0, 0*c - c = -2*i + 227. Suppose 4*a - x = i - 4, 2*a - 46 = 5*x. List the prime factors of a.
2, 7
Let l(o) = 2*o**2 - 14*o - 54. What are the prime factors of l(21)?
2, 3, 89
Let x = 97 - 15. Let w = x - -165. What are the prime factors of w?
13, 19
Let o = -701 + 1263. What are the prime factors of o?
2, 281
Let o(x) = -x**3 - x**2 - x + 24. Let v be (-6 + 0)*(-1)/3. Suppose 0 = -v*l + l. List the prime factors of o(l).
2, 3
Let l = -201 + 580. List the prime factors of l.
379
Let y(u) = 3*u**2 + 7*u - 4*u**2 - 1 - 3. Suppose 0 = 4*q, 3*r + 5*q = -2*r + 30. What are the prime factors of y(r)?
2
Let r(k) = -5*k + 14. Let h be (15/(-9))/((-1)/3). Suppose c + 2*u + 1 = 0, h*c + 68 = u + 19. List the prime factors of r(c).
59
Let d(q) = -q**3 + 4*q**2 + 5*q. Let t be d(5). Suppose t = 2*h + 5*k - 10, h + 2*k - 3 = 1. What are the prime factors of 2 - h - (-15 - -4)?
13
Suppose 3*l + 1428 - 6318 = 0. What are the prime factors of l?
2, 5, 163
Suppose 0 = 4*j - 2*b - 844, 15*j = 12*j - 5*b + 607. What are the prime factors of j?
11, 19
Suppose 34 - 94 = -4*s. Suppose 11*b = s*b - 44. Suppose b*o - 64 = 7*o. List the prime factors of o.
2
List the prime factors of 360/(-8)*(-108)/10.
2, 3
Let s = 174 + 2759. What are the prime factors of s?
7, 419
Suppose 2*z + 3*l - 1896 = 0, 612 = 2*z - 3*l - 1260. List the prime factors of z.
2, 3, 157
Suppose -6*w + 0*w + 24 = 0. Suppose w*c + 75 = 5*c. List the prime factors of c.
3, 5
List the prime factors of (-285)/40 - (-3)/24 - -5183.
2, 647
Let k(v) = 3*v**3 - v. Let a be k(1). Suppose a*w - 3*w + 43 = 0. List the prime factors of w.
43
Let i = -1511 - -1784. List the prime factors of i.
3, 7, 13
Suppose -6 = f - 4*f. List the prime factors of (-10)/(f + 3) - -35.
3, 11
Let p = 3 + -3. Suppose p = -d + 2 + 39. List the prime factors of d.
41
Suppose -5*p + 3*r + 9225 = r, 0 = -5*p + 3*r + 9225. What are the prime factors of p?
3, 5, 41
Let w(f) = f + 1. Let x be w(1). Suppose -10 - x = -4*c, -3*m = -2*c - 174. Suppose -10 = v - m. List the prime factors of v.
2, 5
Suppose -k = -4*v + 3269, 139 = v - 5*k - 683. Let f = v + -566. List the prime factors of f.
251
Let f = -56 - -56. Suppose 5*r = -4*o + 539, f = o - r - 14 - 114. What are the prime factors of o?
131
Let y(w) = 230*w**2 + 29*w - 34. List the prime factors of y(5).
5861
Let j(d) = -62*d + 1. What are the prime factors of j(-13)?
3, 269
Suppose 3*z = 2*z. Suppose 2*s = z, 2*w - 5*w = 3*s - 210. List the prime factors of w.
2, 5, 7
Suppose -2*n - 65 = 13. What are the prime factors of (3/2)/(n/(-52))?
2
Suppose -13*z = 3*u - 14*z - 14378, 3*u = 4*z + 14366. List the prime factors of u.
2, 3, 17, 47
Let k(a) = 71*a**2 + 79*a - 5. List the prime factors of k(7).
4027
Suppose 2 + 2 = -4*s, -4*s = -3*c - 209. Let m = -57 - c. What are the prime factors of m?
2, 7
List the prime factors of -7 + (4 - 2) - -2659.
2, 1327
What are the prime factors of 11 - (0 + -1533 - -11)?
3, 7, 73
Suppose 47109 = 11*t - 3612. List the prime factors of t.
3, 29, 53
Suppose -3*i + 1949 = -5*c, i + c = 6*c + 653. Suppose 2*f + 6 = 4*f, 0 = 5*a + f - i. List the prime factors of a.
3, 43
Let u(f) = -f**3 + 4*f**2 + 6*f - 2. Let l be u(5). Suppose -l*r = -7*r. Suppose r = 3*k - k - 48. What are the prime factors of k?
2, 3
Let s(v) = -16*v - 16. Let o be s(8). Let b = o + 250. What are the prime factors of b?
2, 53
Let f(y) = y**3 + 5*y**2 + 7. Let t be f(-5). Let v be 4/t + 190/35. Let n(b) = 8*b - 12. What are the prime factors of n(v)?
2, 3
List the prime factors of 8255/15 - 5/30*2.
2, 5, 11
Suppose 32*u - 82246 = -2*u. What are the prime factors of u?
41, 59
Suppose -s = 5*i - 5802, -2937 = -4*i - 2*s + 1707. What are the prime factors of i?
2, 5, 29
Let g(s) = -3*s**2 - 3*s + 5. Let k(a) = 2*a**2 + 2*a - 5. Let m(v) = -3*g(v) - 4*k(v). Let h(x) = -x**2 + x - 6. Let r be h(0). List the prime factors of m(r).
5, 7
Suppose -4*f + 3957 + 5060 = 3*o, 3*o = 5*f + 8972. What are the prime factors of o?
2999
Let q(s) = 511*s - 48 + 515*s - 1021*s. What are the prime factors of q(14)?
2, 11
Let r(v) = v**2 + v - 14. Let j be r(-11). Suppose -i + 6*c = c - 45, 2*i - j = 4*c. What are the prime factors of i?
2, 5
Suppose -3*s + j = -2*s - 25, 4*j - 110 = -3*s. List the prime factors of -20*(3/(-5))/(12/s).
2, 3, 5
Suppose -6 = -4*a + 2. Suppose -75 = a*g - 7*g. Suppose -3*y - g = -4*l + 16, 4*y + 11 = l. What are the prime factors of l?
7
Suppose 2906 = 3*l + 518. List the prime factors of l.
2, 199
Let d = -77 + 484. What are the prime factors of d?
11, 37
Let x = 12 + 3. Let v be 6/10 + 21/x. Suppose p - 5 = f - 3*f, -v*f - 2*p + 2 = 0. List the prime factors of f.
2
Let s(b) = b**3 - 3*b**2 + b + 7. Let i be s(3). Suppose 0 = i*p - 7*p - 264. What are the prime factors of p?
2, 11
Suppose 19*y - 7939 = 23354. What are the prime factors of y?
3, 61
Suppose 3*j + 29 + 67 = 0. Suppose -3*l = 4*o - 219, -4*l + 113 = 2*o + l. Let g = j + o. What are the prime factors of g?
2, 11
Let l(z) = -z**2 + 18*z - 15. Let y be l(17). List the prime factors of 4103/66 + y/(-12).
2, 31
Let p(z) = 386*z - 142. What are the prime factors of p(7)?
2, 5
List the prime factors of (-35)/140 + 2 + (-2821)/(-4).
7, 101
Suppose -x + 3 = -5. Let j be (-86)/387 + 8852/(-18). List the prime factors of j/(-16) + (-6)/x.
2, 3, 5
Let l(n) = 3*n**3 + 4*n**2 - 89*n + 2. What are the prime factors of l(10)?
2, 157
Le